nds digit of 58691200?
6
What is the hundred thousands digit of 329561640?
5
What is the units digit of 18122327?
7
What is the hundreds digit of 66624288?
2
What is the thousands digit of 1123444412?
4
What is the billions digit of 4667905251?
4
What is the thousands digit of 890876867?
6
What is the tens digit of 216176930?
3
What is the thousands digit of 4510117869?
7
What is the tens digit of 3364468965?
6
What is the thousands digit of 4514962416?
2
What is the hundreds digit of 214931005?
0
What is the hundred thousands digit of 175309247?
3
What is the units digit of 7282083869?
9
What is the hundred thousands digit of 63713933?
7
What is the ten thousands digit of 377649436?
4
What is the units digit of 3506534?
4
What is the millions digit of 62339973?
2
What is the thousands digit of 108369353?
9
What is the units digit of 66223743?
3
What is the ten thousands digit of 14075859?
7
What is the billions digit of 1227205256?
1
What is the tens digit of 172787505?
0
What is the hundred millions digit of 340331338?
3
What is the millions digit of 209374684?
9
What is the ten thousands digit of 107148882?
4
What is the hundred thousands digit of 139723333?
7
What is the millions digit of 709361927?
9
What is the hundred millions digit of 319858028?
3
What is the hundreds digit of 21102255?
2
What is the tens digit of 55588117?
1
What is the ten thousands digit of 658156365?
5
What is the hundred thousands digit of 45875923?
8
What is the hundred thousands digit of 630253586?
2
What is the hundred thousands digit of 45640401?
6
What is the ten millions digit of 813620981?
1
What is the hundred thousands digit of 266463873?
4
What is the units digit of 4725084465?
5
What is the ten thousands digit of 43346226?
4
What is the millions digit of 793789513?
3
What is the tens digit of 80771002?
0
What is the millions digit of 163057066?
3
What is the millions digit of 133381299?
3
What is the hundred millions digit of 3678832646?
6
What is the hundred thousands digit of 24953597?
9
What is the ten thousands digit of 53853936?
5
What is the millions digit of 79927067?
9
What is the ten millions digit of 899334483?
9
What is the thousands digit of 47563024?
3
What is the millions digit of 460776806?
0
What is the hundreds digit of 1202727865?
8
What is the ten thousands digit of 5927229049?
2
What is the thousands digit of 1131326867?
6
What is the hundred millions digit of 377796938?
3
What is the ten millions digit of 29504657?
2
What is the tens digit of 208916273?
7
What is the tens digit of 523192446?
4
What is the ten millions digit of 70596683?
7
What is the billions digit of 1508882750?
1
What is the hundreds digit of 662444684?
6
What is the millions digit of 43491095?
3
What is the hundred millions digit of 1450501013?
4
What is the thousands digit of 25079999?
9
What is the thousands digit of 1798456403?
6
What is the units digit of 251065299?
9
What is the hundreds digit of 3775617192?
1
What is the tens digit of 128002347?
4
What is the tens digit of 69938050?
5
What is the tens digit of 167499739?
3
What is the ten thousands digit of 1672735?
7
What is the thousands digit of 1630497700?
7
What is the units digit of 26080295?
5
What is the hundreds digit of 59470508?
5
What is the units digit of 375024943?
3
What is the thousands digit of 440038017?
8
What is the tens digit of 4865548683?
8
What is the hundreds digit of 152873607?
6
What is the millions digit of 23900972?
3
What is the hundred thousands digit of 1046134893?
1
What is the hundred millions digit of 974644513?
9
What is the ten thousands digit of 2043569565?
6
What is the thousands digit of 1697804134?
4
What is the ten thousands digit of 145028347?
2
What is the tens digit of 55566333?
3
What is the millions digit of 14576372?
4
What is the hundreds digit of 1292383851?
8
What is the units digit of 30967689?
9
What is the ten thousands digit of 247528249?
2
What is the tens digit of 136183305?
0
What is the thousands digit of 570139027?
9
What is the ten thousands digit of 198846982?
4
What is the ten thousands digit of 297662008?
6
What is the ten millions digit of 1018213996?
1
What is the thousands digit of 45999226?
9
What is the tens digit of 1366264566?
6
What is the thousands digit of 282637028?
7
What is the hundred millions digit of 398080363?
3
What is the hundred millions digit of 1648088281?
6
What is the hundreds digit of 1880175278?
2
What is the millions digit of 216685006?
6
What is the thousands digit of 2066592485?
2
What is the hundred thousands digit of 1729630?
7
What is the hundred thousands digit of 36753080?
7
What is the hundreds digit of 89784543?
5
What is the millions digit of 43198790?
3
What is the hundred thousands digit of 8109072?
1
What is the hundred thousands digit of 11139312?
1
What is the millions digit of 1692728133?
2
What is the millions digit of 29757695?
9
What is the hundreds digit of 6025739056?
0
What is the ten millions digit of 30070107?
3
What is the units digit of 201674459?
9
What is the hundred millions digit of 105024655?
1
What is the ten thousands digit of 101870877?
7
What is the ten thousands digit of 325095164?
9
What is the hundreds digit of 246290347?
3
What is the hundreds digit of 133578348?
3
What is the thousands digit of 1010612560?
2
What is the units digit of 4861619184?
4
What is the millions digit of 175784741?
5
What is the ten thousands digit of 722132536?
3
What is the ten millions digit of 623991511?
2
What is the hundred millions digit of 187917848?
1
What is the thousands digit of 750442232?
2
What is the units digit of 127655?
5
What is the ten thousands digit of 92294251?
9
What is the units digit of 1805689534?
4
What is the millions digit of 57980200?
7
What is the units digit of 2954068890?
0
What is the thousands digit of 44924933?
4
What is the tens digit of 5694651?
5
What is the millions digit of 618072843?
8
What is the tens digit of 1053385430?
3
What is the hundred thousands digit of 1028363032?
3
What is the millions digit of 2657250444?
7
What is the thousands digit of 2785444731?
4
What is the hundreds digit of 251917211?
2
What is the millions digit of 174674623?
4
What is the thousands digit of 2887682878?
2
What is the hundred millions digit of 8718199914?
7
What is the ten thousands digit of 357126544?
2
What is the hundred thousands digit of 11726386?
7
What is the hundred millions digit of 247605038?
2
What is the hundreds digit of 59341637?
6
What is the hundred thousands digit of 8689149?
6
What is the units digit of 235458115?
5
What is the units digit of 125186752?
2
What is the units digit of 152368961?
1
What is the ten thousands digit of 62431598?
3
What is the ten thousands digit of 28675784?
7
What is the hundred thousands digit of 82850669?
8
What is the hundreds digit of 519525133?
1
What is the millions digit of 1063502151?
3
What is the hundred thousands digit of 51751758?
7
What is the hundreds digit of 2428790774?
7
What is the thousands digit of 11205181?
5
What is the millions digit of 1066734081?
6
What is the thousands digit of 30957516?
7
What is the thousands digit of 46798180?
8
What is the ten thousands digit of 270694622?
9
What is the thousands digit of 131591715?
1
What is the millions digit of 132847068?
2
What is the millions digit of 1259019199?
9
What is the hundred millions digit of 136473764?
1
What is the hundred thousands digit of 1147494915?
4
What is the hundred thousands digit of 4559771064?
7
What is the hundreds digit of 334977660?
6
What is the hundred millions digit of 4771276169?
7
What is the ten thousands digit of 91105148?
0
What is the hundreds digit of 48066093?
0
What is the ten millions digit of 8579044855?
7
What is the millions digit of 235271506?
5
What is the hundred millions digit of 532361542?
5
What is the hundreds digit of 22998703?
7
What is the thousands digit of 300853758?
3
What is the hundred thousands digit of 63333877?
3
What is the thousands digit of 927826460?
6
What is the thousands digit of 159569330?
9
What is the hundred thousands digit of 3160933?
1
What is the tens digit of 2731465345?
4
What is the hundred millions digit of 608226240?
6
What is the thousands digit of 78479229?
9
What is the million